{"id":28,"date":"2016-01-28T12:14:47","date_gmt":"2016-01-28T12:14:47","guid":{"rendered":"http:\/\/www.lerialegal.de\/wordpress\/?page_id=28"},"modified":"2024-10-15T09:51:29","modified_gmt":"2024-10-15T09:51:29","slug":"auslander-und-freizugigkeitsrecht","status":"publish","type":"page","link":"https:\/\/www.lerialegal.de\/wordpress\/rechtsdienstleistungen\/auslander-und-freizugigkeitsrecht\/","title":{"rendered":"Ausl\u00e4nder- und Freiz\u00fcgigkeitsrecht"},"content":{"rendered":"<h2>Ausl\u00e4nder- und Freiz\u00fcgigkeitsrecht<\/h2>\n<p>Die Anwaltskanzlei LERIA in Berlin ber\u00e4t im Bereich des <strong>Freiz\u00fcgigkeitsrechts, Ausl\u00e4nderrechts<\/strong> und <strong>Staatsangeh\u00f6rigkeitsrechts<\/strong> und vertritt <strong>bundesweit<\/strong> die Interessen von Ausl\u00e4ndern, Unionsb\u00fcrgern und seinen Familienangeh\u00f6rigen, sowie von Firmen und Arbeitgebern, sei es <strong>au\u00dfergerichtlich <\/strong>gegen\u00fcber der zust\u00e4ndigen Ausl\u00e4nderbeh\u00f6rden, Melde- und Standes\u00e4mter oder <strong>gerichtlich<\/strong> vor den Verwaltungsgerichten. In allen vorgenannten Bereichen verf\u00fcgt Abogado Segundo Ler\u00eda \u00fcber eine langj\u00e4hrige Berufserfahrung.<\/p>\n<p>F\u00fcr eine Erstberatung in diesem Bereich mit einer maximalen Dauer von 1 stunde berechnen wir 125,00 \u20ac (19 % USt.).<\/p>\n<p><strong>Die Anwaltskanzlei LERIA informiert:<\/strong> entweder hat eine Person einen Anspruch auf Erteilung des gew\u00fcnschten Aufenthaltstitels erlangt oder die Erteilung wird erst nach Ermessensaus\u00fcbung durch die Beh\u00f6rde erteilt.<\/p>\n<p>Die Anwaltskanzlei LERIA pr\u00fcft insoweit zun\u00e4chst, ob Sie, Ihre Familienangeh\u00f6rigen bzw. Ihre zuk\u00fcnftigen Angestellten oder Gesch\u00e4ftspartner einen Anspruch auf Erteilung des erforderlichen Aufenthaltstitels zur Einreise und Aufenthalt im Bundesgebiet erlangt haben, und zwar\u00a0unter Ber\u00fccksichtigung der sich st\u00e4ndig \u00e4ndernden deutschen und europ\u00e4ischen Gesetzgebung und Rechtsprechung.<\/p>\n<p>Kann (bzw. wird) die Erteilung des Titels nur nach Ermessen der Beh\u00f6rde erteilt, zeigt Ihnen die Anwaltskanzlei LERIA den besten Weg, um die Chancen einer kurzfristigen Erteilung des Titels zu erh\u00f6hen, sowie um eventuelle Risiken zu vermeiden.<\/p>\n<p>Die Anwaltskanzlei LERIA ist insbesondere in den folgenden Bereichen t\u00e4tig:<\/p>\n<h2><strong>Beantragung einer Aufenthaltskarte f\u00fcr Familienangeh\u00f6rige von B\u00fcrgern der EU<\/strong><\/h2>\n<h2>Beantragung eines Visums bei den deutschen Botschaften im Ausland<\/h2>\n<p>Wir bereiten die Visumsantr\u00e4ge gemeinsam mit Ihnen vor und \u00fcbernehmen die Korrespondenz mit den zust\u00e4ndigen Botschaften bis zur Beendigung des Visumsverfahren weltweit. <strong><br \/>\n<\/strong><\/p>\n<ul>\n<li>Beantragung eines <strong>Einreisevisums zwecks Familienzusammenf\u00fchrung <\/strong>von:\n<ul>\n<li>Ehegatten (vor oder nach der Heirat)<\/li>\n<li>minderj\u00e4hrigen Kindern der Eheleute<\/li>\n<li>minderj\u00e4hrigen Kindern (auch Pflegekindern) eines Ehegatten<\/li>\n<li>minderj\u00e4hrigen Kindern<\/li>\n<li>sonstigen Familienangeh\u00f6rigen<\/li>\n<\/ul>\n<\/li>\n<li>Beantragung von <strong>Visum f\u00fcr Sportler, K\u00fcnstler, Gastwissentschaftler, Journalisten<\/strong>.<\/li>\n<li>Beantragung eines <strong>Gesch\u00e4ftsvisums<\/strong> (auch zur mehrmaligen Einreise)<\/li>\n<li>ein <strong>Flughafentransitvisum<\/strong> f\u00fcr die Durchreise durch die internationalen Transitzonen der Flugh\u00e4fen.<\/li>\n<li><strong>Beantragung eines<\/strong> <strong>Schengen-Visums (auch bekannt als \u201eTouristen-Visum\u201c):<\/strong> Visum f\u00fcr die Durchreise durch das Hoheitsgebiet der Schengen-Staaten oder f\u00fcr geplante Aufenthalte in diesem Gebiet von bis zu drei Monaten innerhalb einer Frist von sechs Monaten von dem Tag der ersten Einreise an.<\/li>\n<li><strong>Beantragung der Verl\u00e4ngerung eines<\/strong> <strong>Schengen-Visums bei der zust\u00e4ndigen Ausl\u00e4nderbeh\u00f6rde im Inland <\/strong>(unter Umst\u00e4nden auch m\u00f6glich nach Ablauf des G\u00fcltigkeitszeitraumes)<\/li>\n<li>Beantragung eines <strong>Einreisevisums zwecks Aufnahme einer unselbst\u00e4ndigen Erwerbst\u00e4tigkeit (Blaue Karte EU, Aufenthaltserlaubnis zum Zwecke der Besch\u00e4ftigung; auch: Vorabpr\u00fcfungsverfahren bei der Bundesagentur f\u00fcr Arbeit)<br \/>\n<\/strong><\/li>\n<li>Beantragung eines <strong>Einreisevisums<\/strong> <strong>zwecks Aufnahme einer selbst\u00e4ndigen Erwerbst\u00e4tigkeit<\/strong> (Gr\u00fcndung eines Unternehmens in Deutschland)<\/li>\n<\/ul>\n<h2><strong>Vertretung im Falle der Verweigerung der Erteilung eines Visums durch die<\/strong> <strong>deutschen Botschaften im Ausland <\/strong><\/h2>\n<ul>\n<li><strong>Remonstration<\/strong><\/li>\n<\/ul>\n<ul>\n<li><strong>Gerichtliche Vertretung vor dem\u00a0Verwaltungsgericht Berlin<\/strong><\/li>\n<\/ul>\n<p>Hierbei profitieren Sie vom Standort der Anwaltskanzlei LERIA in Berlin:<\/p>\n<p>Denn das <strong>Verwaltungsgericht Berlin ist immer zust\u00e4ndig in jedem Falle der Ablehnung der Erteilung eines Visums durch eine deutsche Botschaft. <\/strong>Das hei\u00dft: in solchen F\u00e4llen ist das Verwaltungsgericht Berlin immer zust\u00e4ndig, unabh\u00e4ngig z.B. von der Nationalit\u00e4t des Visumsantragstellers oder des Wohnsitzes der Person in Deutschland, zu der eine Zusammenf\u00fchrung gew\u00fcnscht ist, oder des Standortes einer einladenden oder anstellenden Firma&#8230;<\/p>\n<p>Die in Berlin-Mitte ans\u00e4ssige Anwaltskanzlei LERIA wird Ihnen in solchen F\u00e4llen <strong>keine Reise- und \u00dcbernachtungskosten (sowie i.d.R. auch keine Abwesenheitsgeb\u00fchren) <\/strong>in Rechnung stellen m\u00fcssen!<\/p>\n<p>Abogado \/ Mediator Segundo Ler\u00eda bietet auch deutschen Rechtsanw\u00e4lten Hilfe in Verfahren vor dem Verwaltungsgericht Berlin (insbesondere Terminsvertretung) in solchen Angelegenheiten an.<\/p>\n<h2>Beantragung einer Aufenthaltserlaubnis<\/h2>\n<p>Wir sind t\u00e4tig in den folgenden Bereichen:<\/p>\n<ul>\n<li>Familiennachzug zu deutschen oder ausl\u00e4ndischen Ehegatten, minderj\u00e4hrigen Kinder, Eltern, sonstigen Verwandte (auch: Beratung vor Heirat ausl\u00e4ndischer Verlobte \/ Beratung vor Eintragung von gleichgeschlechtlichen Lebenspartnerschaften)<\/li>\n<\/ul>\n<ul>\n<li>Beantragung einer Aufenthaltserlaubnis nach Geburt eines Kindes<\/li>\n<\/ul>\n<ul>\n<li>Aufenthaltserlaubnis zur Aus\u00fcbung einer unselbstst\u00e4ndigen T\u00e4tigkeit (Arbeit in Deutschland, Blaue Karte)<\/li>\n<li>Protokollausweise f\u00fcr unechte Ortskr\u00e4fte und ausl\u00e4ndische Mitarbeiter von ausl\u00e4ndischen Botschaften (auch: Beantragung von Aufenthaltstiteln nach langj\u00e4hriger Aufenthalt in Deutschland)<\/li>\n<li>Aufenthaltserlaubnis f\u00fcr selbst\u00e4ndige T\u00e4tigkeit in Deutschland und Existenz- oder Firmengr\u00fcndung (Aufentahtlserlaubnis f\u00fcr Gesch\u00e4ftsf\u00fchrer einer deutschen GmbH)<\/li>\n<li>Aufenthaltserlaubnis f\u00fcr ausl\u00e4ndische Studenten (Universit\u00e4t), zum Besuch von Sprachkursen (intensiven Deutschkursen), f\u00fcr den Schulbesuch, zur\u00a0Berufsausbildung oder Berufspraktika<\/li>\n<\/ul>\n<h2>Beantragung der Verl\u00e4ngerung einer Aufenthaltserlaubnis<\/h2>\n<p>Hierbei kann die Anwaltskanzlei LERIA vorab nach Akteneinsicht in Ihre Ausl\u00e4nderakte pr\u00fcfen, ob Sie bereits durch ihren bisherigen Aufenthalt im Bundesgebiet einen Anspruch auf Erteilung einer Niederlassungserlaubnis bzw. ob Sie einen gesetzlichen Anspruch auf Verl\u00e4ngerung des Titels erlangt haben.<\/p>\n<p>Bei \u00c4nderung des Aufenthaltszweckes (z.B. wenn ein ausl\u00e4ndischer Student nach Beendigung des Studiums zum ersten Mal eine Arbeitsstelle antreten m\u00f6chte, oder wenn ein ausl\u00e4ndischer Ehegatte den Verbleib in Deutschland nach einer Trennung w\u00fcnscht) informiert Sie die Anwaltskanzlei LERIA \u00fcber die notwendigen Voraussetzungen f\u00fcr die Verl\u00e4ngerung bzw. f\u00fcr die Erteilung eines neuen Aufenthaltstitels sowie \u00fcber Ihre gesetzliche Anspr\u00fcche.<\/p>\n<h2>Niederlassungserlaubnis \/ Erlaubnis zum Daueraufenthalt-EG<\/h2>\n<p>Die Voraussetzungen f\u00fcr die Erteilung einer Niederlassungserlaubnis sind verschieden je nach Zweck des bisherigen Aufenthaltes in Deutschland. Ob Sie einen gesetzlichen Anspruch auf Erteilung der Niederlassungserlaubnis bzw. der Niederlassungserlaubnis-EG erlangt haben, kann in der Regel, au\u00dfer in einfach gelagerten F\u00e4llen, nur nach Akteneinsicht in die Sie betreffende Ausl\u00e4nderakte ermittelt werden.<\/p>\n<p><strong>Die Anwaltskanzlei LERIA informiert:<\/strong> die Erlaubnis zum Daueraufenthalt-EG erlaubt den besitzenden Ausl\u00e4nder nicht, in jedem weiteren EU-Land ohne Weiteres den Aufenthalt zu nehmen! In der Praxis erleben wir, dass die Bezeichnung &#8222;Daueraufenthalt-EG&#8220; zu krassen Missverst\u00e4ndnissen f\u00fchrt. Zwar erleichtert die Erlaubnis zum Daueraufenthalt-EG den Zugang zu einer Aufenthalts- und Arbeitserlaubnis in einem anderen EU-Land, aber (nach hiesiger Meinung) unerheblich und vor allem in unterschiedlicher Weise je nach EU-Land. Wir kl\u00e4ren Sie diesbez\u00fcglich auf!<\/p>\n<p><strong>Rechtstipp der Anwaltskanzlei LERIA<\/strong><strong>:<\/strong> Beim Vorliegen der gesetzlichen Voraussetzungen daf\u00fcr, beantragen Sie immer die Erteilung einer Erlaubnis zum Daueraufenthalt-EG und hilfsweise die Erteilung einer Niederlassungserlaubnis.<\/p>\n<h2>Ausweisungen \/ Abschiebungen und Abschiebehaft \/ Einreiseverweigerung und Aufhebung von Sperrwirkungen<\/h2>\n<p>Wer will schon nach jahrelangem (in vielen F\u00e4llen leider: nach jahrzehntenlangem) Aufenthalt im Bundesgebiet ins Ungewisse abgeschoben zu werden&#8230; Und damit nicht genug: ausgewiesene Ausl\u00e4nder d\u00fcrfen in der Regel k\u00fcnftig nicht mehr in die EU einreisen&#8230; Ferner k\u00f6nnen Ausl\u00e4nder bis zu sechs Monate im Abschiebungshaft inhaftiert bleiben, bis alle Form\u00e4lit\u00e4ten f\u00fcr die geplante Abschiebung erledigt werden&#8230;<\/p>\n<p>Die Anwaltskanzlei LERIA \u00fcbernimmt sehr gerne solche in der Regel juristisch komplexe ausl\u00e4nderrechtliche F\u00e4lle. Wir wissen, dass die Durchsetzung Ihrer Rechte in solchen Angelegenheiten f\u00fcr Sie existenziell wichtig ist.<\/p>\n<p><strong>Rechtstipp der Anwaltskanzlei LERIA<\/strong><strong>:<\/strong> Nehmen Sie sofort Kontakt mit einem in Ausl\u00e4nderrecht spezialisierten Anwalt auf, wenn Sie zu einer beabsichtigen Ausweisung angeh\u00f6rt werden sollen. Der zust\u00e4ndigen Ausl\u00e4nderbeh\u00f6rde sollten Ihre pers\u00f6nlichen und wirtschaftlichen Lebensumst\u00e4nde dargelegt und durch Vorlage von Dokumenten (u.U. auch z.B. durch die Einreichung von eidestattlichen Versicherungen) glaubhaft gemacht werden. Erkl\u00e4rt sollte z.B. u.a. ob Sie Familie und Freunde in Deutschland und in Heimatland haben. Wenn Sie keinen Bezug mehr zum Land Ihrer Staatsangeh\u00f6rigkeit besitzen, teilen Sie die Gr\u00fcnde daf\u00fcr mit.\u00a0Auf keinem Fall sollten Sie die Widerspruchsfrist bzw. die Frist zur Klageerhebung verstreichen lassen. Beachten Sie hierbei, dass in manchen Bundesl\u00e4ndern nur die M\u00f6glichkeit der Klageerhebung gegen einen Ausweisungsbescheid er\u00f6ffnet wird. \u00fcber Nicht selten werden Ausweisungsentscheidungen bzw. Haftanordnungen von den Gerichten aufgehoben, auch trotz Vorliegen der gesetzlichen Voraussetzungen f\u00fcr die Ausweisung. Insbesondere minderj\u00e4hrige Ausl\u00e4nder und Ausl\u00e4nder mit Familie in Deutschland oder ohne Bezug zu seinem Heimatland haben gute Chancen, trotz Ausweisungsentscheidung im Bundesgebiet zu bleiben.<\/p>\n","protected":false},"excerpt":{"rendered":"<p>Ausl\u00e4nder- und Freiz\u00fcgigkeitsrecht Die Anwaltskanzlei LERIA in Berlin ber\u00e4t im Bereich des Freiz\u00fcgigkeitsrechts, Ausl\u00e4nderrechts und Staatsangeh\u00f6rigkeitsrechts und vertritt bundesweit die Interessen von Ausl\u00e4ndern, Unionsb\u00fcrgern und seinen Familienangeh\u00f6rigen, sowie von Firmen und Arbeitgebern, sei es au\u00dfergerichtlich gegen\u00fcber der zust\u00e4ndigen Ausl\u00e4nderbeh\u00f6rden, Melde- und Standes\u00e4mter oder gerichtlich vor den Verwaltungsgerichten. In allen vorgenannten Bereichen verf\u00fcgt Abogado Segundo Ler\u00eda [&hellip;]<\/p>\n","protected":false},"author":1,"featured_media":0,"parent":21,"menu_order":0,"comment_status":"closed","ping_status":"closed","template":"","meta":{"footnotes":""},"class_list":["post-28","page","type-page","status-publish","hentry"],"_links":{"self":[{"href":"https:\/\/www.lerialegal.de\/wordpress\/wp-json\/wp\/v2\/pages\/28","targetHints":{"allow":["GET"]}}],"collection":[{"href":"https:\/\/www.lerialegal.de\/wordpress\/wp-json\/wp\/v2\/pages"}],"about":[{"href":"https:\/\/www.lerialegal.de\/wordpress\/wp-json\/wp\/v2\/types\/page"}],"author":[{"embeddable":true,"href":"https:\/\/www.lerialegal.de\/wordpress\/wp-json\/wp\/v2\/users\/1"}],"replies":[{"embeddable":true,"href":"https:\/\/www.lerialegal.de\/wordpress\/wp-json\/wp\/v2\/comments?post=28"}],"version-history":[{"count":6,"href":"https:\/\/www.lerialegal.de\/wordpress\/wp-json\/wp\/v2\/pages\/28\/revisions"}],"predecessor-version":[{"id":135,"href":"https:\/\/www.lerialegal.de\/wordpress\/wp-json\/wp\/v2\/pages\/28\/revisions\/135"}],"up":[{"embeddable":true,"href":"https:\/\/www.lerialegal.de\/wordpress\/wp-json\/wp\/v2\/pages\/21"}],"wp:attachment":[{"href":"https:\/\/www.lerialegal.de\/wordpress\/wp-json\/wp\/v2\/media?parent=28"}],"curies":[{"name":"wp","href":"https:\/\/api.w.org\/{rel}","templated":true}]}}